57 is divided by i(-8)?
27
Let h be 4/16 - 135/12. Let i(q) = 39*q + 1. Let j be i(h). What is the remainder when j/(-8) - (-5)/(-10) is divided by 14?
11
Let t(y) = -y**3 - 6*y**2 + 4*y - 5. Let g(u) = 15*u**2 - 9*u - 19. What is the remainder when g(-2) is divided by t(-7)?
11
Let u = -869 + 921. Let l(o) = 3*o + 2. Calculate the remainder when u is divided by l(3).
8
What is the remainder when 198 is divided by (-4)/(3 - 19) + (-675)/(-20)?
28
Let m(u) = u**3 - u**2 + 9*u - 10. Let y be m(5). Suppose -6*w + 15*w - y = 0. What is the remainder when 38 is divided by w?
8
Let f(k) = 5*k - 21. Let i be f(24). Let w = i - 78. Calculate the remainder when w is divided by 5.
1
Let w = -651 + 703. Let j = -11 + 22. Suppose -2*o - j + 29 = 0. Calculate the remainder when w is divided by o.
7
Let r(q) = q**2 - q - 2*q**2 - 220 + 60 + 2*q**2. Let d be r(0). What is the remainder when 33 is divided by d/(-10) + 4/(-1)?
9
Calculate the remainder when 3*(-78)/(-18)*5 is divided by 24.
17
Let p = -221 + 316. Calculate the remainder when p is divided by 24.
23
Suppose 99*g = 6*g + 10788. Calculate the remainder when g is divided by 28.
4
Suppose 56 = -7*x + 11*x. Calculate the remainder when 21 is divided by x.
7
Let p = -1222 - -1246. Calculate the remainder when 42 is divided by p.
18
Suppose -o + 114 = u, 2*u = 3*o + 73 + 155. What is the remainder when u is divided by 10?
4
Let s(t) = -t**2 - 5*t + 2. Let g be s(-4). Suppose 140 = g*p - 64. Calculate the remainder when p is divided by 18.
16
Let u = -1254 - -1843. Suppose 5*f - 4*z - u = 0, 0 = f + z - 7 - 109. Calculate the remainder when f is divided by 24.
21
Let r = 238 - 78. Calculate the remainder when r is divided by 53.
1
Suppose 58*t - 51*t = 791. Calculate the remainder when t is divided by 38.
37
Suppose j + 14 = 5*o, o + 3*j - 15 = -3*o. Let s(w) be the second derivative of w**4/12 - w**3/3 + w**2 - 2*w. What is the remainder when 12 is divided by s(o)?
2
Suppose -4*l - k + 2*k + 44 = 0, -4*l + 3*k + 36 = 0. Let y(g) = 2 + 0 + 5*g**2 + 0 - 3 + g. What is the remainder when y(3) is divided by l?
11
Suppose 4*h + h - l = 30, 5*l + 5 = -4*h. Suppose -4*k - 4*p + 93 = -5*p, -p = -3*k + 69. What is the remainder when k is divided by 14 - (-3 + 20/h)?
11
Suppose -4*m + 14 = -14. Suppose -3*s + 11 + 7 = -4*w, -s = -w - m. What is the remainder when 35 is divided by s?
5
Suppose 0 = -0*f + 8*f - 96. Calculate the remainder when 17 is divided by f.
5
Let s = 12 + -10. Suppose j = 3*j, s*g + 4*j + 168 = 0. Calculate the remainder when g*(4 - (-18)/(-4)) is divided by 15.
12
Suppose 0*g - 19 = g. Let l = g + 22. Calculate the remainder when (30/(-8))/(3/(-8)) is divided by l.
1
Suppose -2*i = -4*c, -3*i - 36 = 3*c - 81. Suppose -2*q - 3*q - 10 = 0. What is the remainder when 18*2*(-1)/q is divided by i?
8
Let x(y) be the second derivative of -4*y - 1/6*y**3 + 18*y**2 + 0. What is the remainder when 79 is divided by x(16)?
19
Let l(d) = d**2 - d + 2. Suppose 5*g + 6 = -3*a, 0 = -4*g + 5*g + 3*a - 6. Suppose i - 3*i + 82 = 0. What is the remainder when i is divided by l(g)?
13
Let y be ((-8)/(-10))/(2/25). Let j = y + -7. What is the remainder when 41 is divided by 3/(j/14 - 0)?
13
Let y be 270/8 + (-11)/(-44). Let z = y - 23. What is the remainder when 53 is divided by z?
9
Suppose 2*o - 684 = 8*o. Let d = o - -128. Calculate the remainder when d is divided by 1.
0
Let f = 14 - 18. What is the remainder when ((-1)/f)/((-15)/(-780)) is divided by 4?
1
Let t = -64 - -7. Let x = -26 - t. Calculate the remainder when x is divided by 17.
14
Let u = 14 - -6. Let a(o) = -o**2 - 9*o - 8. Let z be a(-7). Let d = 5 + z. What is the remainder when u is divided by d?
9
Let s(j) = j**2 - 15*j + 64. Let t(u) = u**3 - 4*u**2 - 4*u - 5. Let k be t(5). Suppose -h + 6 + 8 = k. Calculate the remainder when h is divided by s(7).
6
What is the remainder when ((-864)/(-64))/(58/52 + -1) is divided by 5?
2
Suppose -d + t = -133, -t = -4*d + 2*t + 534. What is the remainder when d is divided by 47?
41
Suppose -4*z + 184 = 2*r, 3*z = 4*r - 74 - 261. Suppose 5*n = r + 59. Let h = -74 + 129. Calculate the remainder when h is divided by n.
26
Let s = 192 - 160. What is the remainder when s is divided by 20?
12
Let k = 18 - 21. Let g be (-126)/(-48) - k/8. What is the remainder when 54 is divided by 1 + -3*(-13)/g?
12
Let i = 215 + -200. Calculate the remainder when 44 is divided by i.
14
Let j(s) = s**2 - 7*s + 15. Calculate the remainder when (-27)/(-15)*(-20)/(-6) is divided by j(3).
0
Let x = 125 - 117. Suppose -x*d = -4*d - 44. Calculate the remainder when d is divided by 5.
1
Suppose -33*q - 16*q + 392 = 0. Calculate the remainder when q is divided by 6.
2
Let p(c) = -c**3 + 6*c**2 + 2*c - 4. Suppose -110 = 219*i - 229*i. Calculate the remainder when i is divided by p(6).
3
Suppose u + n + 85 - 417 = 0, -317 = -u - 4*n. What is the remainder when u is divided by 34?
31
Suppose -56*v + 59*v = 207. Calculate the remainder when v is divided by 18.
15
Suppose 40*f = x + 37*f - 49, 3*x + 2*f - 169 = 0. What is the remainder when x is divided by 14?
13
What is the remainder when (-3569)/(-43) - (-9)/1 is divided by 48?
44
Let y(b) = b**2 + 14. What is the remainder when 118 is divided by y(4)?
28
Suppose 6*v + 53 = 5*v. What is the remainder when 80 is divided by v/(-3) + -2*3/9?
12
Suppose 2*l + 2*r = -0*l + 42, -4*r + 42 = 2*l. Calculate the remainder when 61 is divided by l.
19
Let s = -406 - -541. What is the remainder when s is divided by 54?
27
What is the remainder when 89110/114 + 2/6 is divided by 29?
28
Suppose -254 = -4*f - 186. What is the remainder when 149 is divided by f?
13
Suppose -4*g + 24 = -g. Suppose 3*t + 5*t - 1048 = 0. Suppose 23 = 11*y - t. What is the remainder when y is divided by g?
6
Let q(i) = -67*i**2 - i. Let n be q(-1). Let c = 105 + n. Suppose 0 = y - 4*y + 30. What is the remainder when c is divided by y?
9
Suppose -2*a + 10 = 0, 4 + 162 = m - 3*a. Calculate the remainder when m is divided by 49.
34
Let d(o) = -o**3 + 52*o**2 + 60*o + 18. Calculate the remainder when d(53) is divided by 56.
53
Let m be 4/(-6) + (-84)/(-18) - -164. Suppose k = -4*k + w + m, 2*k - 5*w = 81. Calculate the remainder when 129 is divided by k.
30
Suppose x = 3*x - 56. Suppose -5*g + 2*s = -32, 5*g - 3*s + 0 - x = 0. Let p = 33 - 19. Calculate the remainder when p is divided by g.
6
Suppose 4*w + j - 115 = 0, 4*j - 2*j = 6. What is the remainder when 139 is divided by w?
27
Let k = -55 - 24. Let v = k - -89. What is the remainder when 69 is divided by v?
9
Suppose 4*i - 4*w = 1788, 4*i - 949 = 3*w + 844. Calculate the remainder when (5/(-4 - 6))/((-2)/i) is divided by 20.
13
Suppose -i = -o - 4*o - 30, o + 54 = 5*i. Let h be (5/(-20))/((-7)/56). What is the remainder when h + (-3)/2 + 750/20 is divided by i?
8
Suppose 79 + 101 = 5*k - 5*o, 0 = 5*o + 5. Calculate the remainder when 101 is divided by k.
31
Let j(m) = -22*m - 6. Let c(s) = 5*s - 40. Let k be c(7). What is the remainder when j(k) is divided by 35?
34
Suppose 65 = 6*b - 67. What is the remainder when b is divided by 2?
0
Let v = 797 - 662. What is the remainder when v is divided by 8?
7
What is the remainder when 12 is divided by 1*12 - (-5 - (-9 + -1))?
5
Suppose 8*b - 15 = 337. Calculate the remainder when 130 is divided by b.
42
Suppose -23*k + 2205 = -601. What is the remainder when k is divided by 46?
30
Let l(p) = 3*p**2 - 19*p - 16. Calculate the remainder when 174 is divided by l(9).
6
Let v(p) = p**3 - 48*p**2 - 49*p + 29. Calculate the remainder when 577 is divided by v(49).
26
Let p = -39 - -68. Let y = p - 12. Suppose 3*x = -u + 90, 4*x + 0*u - 3*u = 133. Calculate the remainder when x is divided by y.
14
Let x = 1765 - 1725. Calculate the remainder when 916 is divided by x.
36
Suppose 4*m + 8 = 4*i, -2*m + 56 = -5*i + 69. Suppose 0 = l - 2*y - 13, y - 2 = 3*y. What is the remainder when l is divided by i?
2
Suppose -5*a + 4*n + 57 = -4*a, 160 = 4*a + n. Let g = -18 + 138. What is the remainder when g is divided by a?
38
Suppose 24 = 5*r - 16. Suppose 812 = r*c - 252. Calculate the remainder when c is divided by 34.
31
Suppose -5*n - 3*w = -25, -w - 5 = 2*n - 14. Let u(z) = -3*z**2 - 4*z**n + 4 - 2*z - 4 - z**3 - 5. Calculate the remainder w